{"id":3762,"date":"2026-03-11T14:06:46","date_gmt":"2026-03-11T13:06:46","guid":{"rendered":"https:\/\/eglisolles.fr\/?page_id=3762"},"modified":"2026-03-11T14:06:46","modified_gmt":"2026-03-11T13:06:46","slug":"mde-vacances-avril-2026","status":"publish","type":"page","link":"https:\/\/eglisolles.fr\/index.php\/mde-vacances-avril-2026\/","title":{"rendered":"MDE vacances Avril 2026"},"content":{"rendered":"\n<p>Chers parents,<\/p>\n\n\n\n<p>Votre accueil de loisirs est ouvert pour les vacances de Printemps du 7 au 17 Avril 2026.<\/p>\n\n\n\n<p>Vous trouverez ci-joint&nbsp;:<\/p>\n\n\n\n<ul class=\"wp-block-list\">\n<li>Le programme d\u2019activit\u00e9s PV Avril 2026 2026 <a href=\"https:\/\/eglisolles.fr\/wp-content\/uploads\/2026\/03\/PROGRAMME-PV-AVRIL-2026-EGLISOLLES.pdf\" target=\"_blank\" rel=\"noreferrer noopener\">cliquer ICI<\/a><\/li>\n\n\n\n<li>La fiche de renseignement 2025\/2026 <a href=\"https:\/\/eglisolles.fr\/wp-content\/uploads\/2026\/01\/FICHE-RENSEIGNEMENT-ALSH-2025-2026.pdf\" type=\"link\" id=\"https:\/\/eglisolles.fr\/wp-content\/uploads\/2026\/01\/FICHE-RENSEIGNEMENT-ALSH-2025-2026.pdf\" target=\"_blank\" rel=\"noreferrer noopener\">cliquer ICI<\/a><\/li>\n\n\n\n<li>Le r\u00e8glement int\u00e9rieur de la structure <a href=\"https:\/\/eglisolles.fr\/wp-content\/uploads\/2026\/01\/2022-09-08-Reglement-interieur-ALSH-VF.pdf\" target=\"_blank\" rel=\"noreferrer noopener\">cliquer ICI<\/a><\/li>\n\n\n\n<li>Le bulletin de r\u00e9servation . <strong>Merci de l\u2019utiliser pour faire l\u2019inscription \u00e0 l\u2019accueil de loisirs ainsi qu\u2019\u00e0 la navette.<\/strong>(pr\u00e9ciser le lieux) <a href=\"https:\/\/eglisolles.fr\/wp-content\/uploads\/2026\/03\/Bulletin-de-reservation-ALSH-PV-Avril-2026-Mde-Eglisolles.pdf\" target=\"_blank\" rel=\"noreferrer noopener\">cliquer ICI<\/a><\/li>\n\n\n\n<li>Le Projet P\u00e9dagogique. <a href=\"https:\/\/eglisolles.fr\/wp-content\/uploads\/2026\/03\/PROJET-PEDAGOGIQUE-PV-Printemps-2026.pdf\" target=\"_blank\" rel=\"noreferrer noopener\">cliquer ICI<\/a><\/li>\n<\/ul>\n\n\n\n<p>Nous proposons 2 sorties sur les 15 jours&nbsp;:<\/p>\n\n\n\n<ul class=\"wp-block-list\">\n<li><strong>Pour les moins de 6 ans\u00a0<\/strong><\/li>\n\n\n\n<li>Cin\u00e9 P\u2019tit loups \u00a0\u00e0 Sauvessanges le 17 avril 2026 (le matin)\u00a0: \u00ab\u00a0Au fil de l\u2019eau\u00a0\u00bb<\/li>\n\n\n\n<li><strong>Pour les moins de 6 ans et les plus de 6 ans\u00a0<\/strong><\/li>\n\n\n\n<li>Zoo Martin la Plaine le 10 avril (toute la journ\u00e9e)\u00a0<\/li>\n<\/ul>\n\n\n\n<p>Sauf si vous avez d\u00e9j\u00e0 inscrit&nbsp; votre enfant au sein de notre accueil, \u00e0<strong> la 1<sup>\u00e8re<\/sup> inscription<\/strong> de votre ou vos enfant(s) sur l\u2019ann\u00e9e 2026, nous vous demandons de bien vouloir nous retourner par mail les documents suivants :<\/p>\n\n\n\n<p>\u00b7&nbsp;&nbsp;&nbsp;&nbsp;&nbsp;&nbsp;&nbsp; Remplir la fiche de renseignements 2025-2026 (sauf si vous l\u2019avez d\u00e9j\u00e0 fait pour une inscription pour les mercredis, les PV de f\u00e9vrier ou pour l\u2019Activ\u2019Ados) apr\u00e8s septembre 2025,<\/p>\n\n\n\n<p>\u00b7&nbsp;&nbsp;&nbsp;&nbsp;&nbsp;&nbsp;&nbsp; Joindre \u00e0 cette fiche les documents obligatoires suivants :<\/p>\n\n\n\n<ul class=\"wp-block-list\">\n<li>copie des vaccinations de vos enfants,<\/li>\n\n\n\n<li>attestation d&rsquo;assurance extra-scolaire 2025\/2026,<\/li>\n\n\n\n<li>attestation allocataire 2026(CAF, MSA) pour la tarification (<strong>Sans cette attestation (quotient familial), lors de la facturation, le tarif maximum vous sera appliqu\u00e9).<\/strong><\/li>\n<\/ul>\n\n\n\n<p>Une fois que vous nous aurez retourn\u00e9 par mail l\u2019ensemble de ces documents, votre&nbsp;compte sur le <strong>Nouveau portail Famille<\/strong> de la Communaut\u00e9 de Communes Ambert Livradois Forez (<a href=\"https:\/\/ambertlivradoisforez.portail-familles.net\/\" target=\"_blank\" rel=\"noreferrer noopener\">https:\/\/ambertlivradoisforez.portail-familles.app\/<\/a>) sera activ\u00e9. Si vous avez perdu votre mot de passe, nous vous renverrons un mail automatique. Attention, il est fr\u00e9quent que ce mail se retrouve dans les <strong>spams<\/strong> et se nomme \u00ab<a href=\"mailto:no-reply@ambertlivradoisforez.fr\" target=\"_blank\" rel=\"noreferrer noopener\"><strong>no-reply@ambertlivradoisforez.fr<\/strong><\/a>&nbsp;\u00bb.<\/p>\n\n\n\n<p>Si vous souhaitez inscrire un nouvel enfant, m\u00eame au sein d\u2019une m\u00eame famille, il faut nous fournir son dossier d\u2019inscription complet et <strong><u>nous nous chargeons de sa premi\u00e8re inscription<\/u><\/strong> avant que vous puissiez le faire vous-m\u00eame sur le nouveau portail.<\/p>\n\n\n\n<p><strong>Merci de faire un mail pour inscrire votre enfant \u00e0 la navette<\/strong> &nbsp;en utilisant le bulletin de r\u00e9servation et <strong>de bien nous indiquer dans celui-ci le lieu<\/strong> (Cf. Bulletin de r\u00e9servation), si c\u2019est le matin et\/ou le soir avec le nom et pr\u00e9nom de votre enfant. La r\u00e9servation est obligatoire.<\/p>\n\n\n\n<p>Restant \u00e0 votre \u00e9coute et \u00e0 votre disposition pour tout renseignement compl\u00e9mentaire&nbsp;au 06 07 01 60 06.<\/p>\n\n\n\n<p>Nous vous souhaitons une belle journ\u00e9e,<\/p>\n\n\n\n<p>L\u2019\u00e9quipe de la Maison de l\u2019Enfance d\u2019Eglisolles.<\/p>\n\n\n\n<figure class=\"wp-block-image size-full\"><img loading=\"lazy\" decoding=\"async\" width=\"628\" height=\"189\" src=\"https:\/\/eglisolles.fr\/wp-content\/uploads\/2026\/03\/image-1.png\" alt=\"\" class=\"wp-image-3763\" srcset=\"https:\/\/eglisolles.fr\/wp-content\/uploads\/2026\/03\/image-1.png 628w, https:\/\/eglisolles.fr\/wp-content\/uploads\/2026\/03\/image-1-300x90.png 300w\" sizes=\"auto, (max-width: 628px) 100vw, 628px\" \/><\/figure>\n","protected":false},"excerpt":{"rendered":"<p>Chers parents, Votre accueil de loisirs est ouvert pour les vacances de Printemps du 7 au 17 Avril 2026. Vous trouverez ci-joint&nbsp;: Nous proposons 2 sorties sur les 15 jours&nbsp;: Sauf si vous avez d\u00e9j\u00e0 inscrit&nbsp; votre enfant au sein de notre accueil, \u00e0 la 1\u00e8re inscription de votre ou [&hellip;]<\/p>\n","protected":false},"author":1,"featured_media":3763,"parent":0,"menu_order":0,"comment_status":"closed","ping_status":"closed","template":"","meta":{"footnotes":""},"class_list":["post-3762","page","type-page","status-publish","has-post-thumbnail","hentry"],"yoast_head":"<!-- This site is optimized with the Yoast SEO plugin v27.4 - https:\/\/yoast.com\/product\/yoast-seo-wordpress\/ -->\n<title>MDE vacances Avril 2026 - Eglisolles<\/title>\n<meta name=\"robots\" content=\"index, follow, max-snippet:-1, max-image-preview:large, max-video-preview:-1\" \/>\n<link rel=\"canonical\" href=\"https:\/\/eglisolles.fr\/index.php\/mde-vacances-avril-2026\/\" \/>\n<meta property=\"og:locale\" content=\"fr_FR\" \/>\n<meta property=\"og:type\" content=\"article\" \/>\n<meta property=\"og:title\" content=\"MDE vacances Avril 2026 - Eglisolles\" \/>\n<meta property=\"og:description\" content=\"Chers parents, Votre accueil de loisirs est ouvert pour les vacances de Printemps du 7 au 17 Avril 2026. Vous trouverez ci-joint&nbsp;: Nous proposons 2 sorties sur les 15 jours&nbsp;: Sauf si vous avez d\u00e9j\u00e0 inscrit&nbsp; votre enfant au sein de notre accueil, \u00e0 la 1\u00e8re inscription de votre ou [&hellip;]\" \/>\n<meta property=\"og:url\" content=\"https:\/\/eglisolles.fr\/index.php\/mde-vacances-avril-2026\/\" \/>\n<meta property=\"og:site_name\" content=\"Eglisolles\" \/>\n<meta property=\"article:publisher\" content=\"https:\/\/www.facebook.com\/municipalite.deglisolles.1\" \/>\n<meta property=\"og:image\" content=\"https:\/\/eglisolles.fr\/wp-content\/uploads\/2026\/03\/image-1.png\" \/>\n\t<meta property=\"og:image:width\" content=\"628\" \/>\n\t<meta property=\"og:image:height\" content=\"189\" \/>\n\t<meta property=\"og:image:type\" content=\"image\/png\" \/>\n<meta name=\"twitter:card\" content=\"summary_large_image\" \/>\n<meta name=\"twitter:label1\" content=\"Dur\u00e9e de lecture estim\u00e9e\" \/>\n\t<meta name=\"twitter:data1\" content=\"2 minutes\" \/>\n<script type=\"application\/ld+json\" class=\"yoast-schema-graph\">{\"@context\":\"https:\\\/\\\/schema.org\",\"@graph\":[{\"@type\":\"WebPage\",\"@id\":\"https:\\\/\\\/eglisolles.fr\\\/index.php\\\/mde-vacances-avril-2026\\\/\",\"url\":\"https:\\\/\\\/eglisolles.fr\\\/index.php\\\/mde-vacances-avril-2026\\\/\",\"name\":\"MDE vacances Avril 2026 - Eglisolles\",\"isPartOf\":{\"@id\":\"https:\\\/\\\/eglisolles.fr\\\/#website\"},\"primaryImageOfPage\":{\"@id\":\"https:\\\/\\\/eglisolles.fr\\\/index.php\\\/mde-vacances-avril-2026\\\/#primaryimage\"},\"image\":{\"@id\":\"https:\\\/\\\/eglisolles.fr\\\/index.php\\\/mde-vacances-avril-2026\\\/#primaryimage\"},\"thumbnailUrl\":\"https:\\\/\\\/eglisolles.fr\\\/wp-content\\\/uploads\\\/2026\\\/03\\\/image-1.png\",\"datePublished\":\"2026-03-11T13:06:46+00:00\",\"breadcrumb\":{\"@id\":\"https:\\\/\\\/eglisolles.fr\\\/index.php\\\/mde-vacances-avril-2026\\\/#breadcrumb\"},\"inLanguage\":\"fr-FR\",\"potentialAction\":[{\"@type\":\"ReadAction\",\"target\":[\"https:\\\/\\\/eglisolles.fr\\\/index.php\\\/mde-vacances-avril-2026\\\/\"]}]},{\"@type\":\"ImageObject\",\"inLanguage\":\"fr-FR\",\"@id\":\"https:\\\/\\\/eglisolles.fr\\\/index.php\\\/mde-vacances-avril-2026\\\/#primaryimage\",\"url\":\"https:\\\/\\\/eglisolles.fr\\\/wp-content\\\/uploads\\\/2026\\\/03\\\/image-1.png\",\"contentUrl\":\"https:\\\/\\\/eglisolles.fr\\\/wp-content\\\/uploads\\\/2026\\\/03\\\/image-1.png\",\"width\":628,\"height\":189},{\"@type\":\"BreadcrumbList\",\"@id\":\"https:\\\/\\\/eglisolles.fr\\\/index.php\\\/mde-vacances-avril-2026\\\/#breadcrumb\",\"itemListElement\":[{\"@type\":\"ListItem\",\"position\":1,\"name\":\"Accueil\",\"item\":\"https:\\\/\\\/eglisolles.fr\\\/\"},{\"@type\":\"ListItem\",\"position\":2,\"name\":\"MDE vacances Avril 2026\"}]},{\"@type\":\"WebSite\",\"@id\":\"https:\\\/\\\/eglisolles.fr\\\/#website\",\"url\":\"https:\\\/\\\/eglisolles.fr\\\/\",\"name\":\"Eglisolles\",\"description\":\"Site de la Commune\",\"publisher\":{\"@id\":\"https:\\\/\\\/eglisolles.fr\\\/#organization\"},\"potentialAction\":[{\"@type\":\"SearchAction\",\"target\":{\"@type\":\"EntryPoint\",\"urlTemplate\":\"https:\\\/\\\/eglisolles.fr\\\/?s={search_term_string}\"},\"query-input\":{\"@type\":\"PropertyValueSpecification\",\"valueRequired\":true,\"valueName\":\"search_term_string\"}}],\"inLanguage\":\"fr-FR\"},{\"@type\":\"Organization\",\"@id\":\"https:\\\/\\\/eglisolles.fr\\\/#organization\",\"name\":\"Eglisolles\",\"url\":\"https:\\\/\\\/eglisolles.fr\\\/\",\"logo\":{\"@type\":\"ImageObject\",\"inLanguage\":\"fr-FR\",\"@id\":\"https:\\\/\\\/eglisolles.fr\\\/#\\\/schema\\\/logo\\\/image\\\/\",\"url\":\"https:\\\/\\\/eglisolles.fr\\\/wp-content\\\/uploads\\\/2021\\\/07\\\/cropped-logo_eglisolles_mairie_transp_5.png\",\"contentUrl\":\"https:\\\/\\\/eglisolles.fr\\\/wp-content\\\/uploads\\\/2021\\\/07\\\/cropped-logo_eglisolles_mairie_transp_5.png\",\"width\":428,\"height\":100,\"caption\":\"Eglisolles\"},\"image\":{\"@id\":\"https:\\\/\\\/eglisolles.fr\\\/#\\\/schema\\\/logo\\\/image\\\/\"},\"sameAs\":[\"https:\\\/\\\/www.facebook.com\\\/municipalite.deglisolles.1\"]}]}<\/script>\n<!-- \/ Yoast SEO plugin. -->","yoast_head_json":{"title":"MDE vacances Avril 2026 - Eglisolles","robots":{"index":"index","follow":"follow","max-snippet":"max-snippet:-1","max-image-preview":"max-image-preview:large","max-video-preview":"max-video-preview:-1"},"canonical":"https:\/\/eglisolles.fr\/index.php\/mde-vacances-avril-2026\/","og_locale":"fr_FR","og_type":"article","og_title":"MDE vacances Avril 2026 - Eglisolles","og_description":"Chers parents, Votre accueil de loisirs est ouvert pour les vacances de Printemps du 7 au 17 Avril 2026. Vous trouverez ci-joint&nbsp;: Nous proposons 2 sorties sur les 15 jours&nbsp;: Sauf si vous avez d\u00e9j\u00e0 inscrit&nbsp; votre enfant au sein de notre accueil, \u00e0 la 1\u00e8re inscription de votre ou [&hellip;]","og_url":"https:\/\/eglisolles.fr\/index.php\/mde-vacances-avril-2026\/","og_site_name":"Eglisolles","article_publisher":"https:\/\/www.facebook.com\/municipalite.deglisolles.1","og_image":[{"width":628,"height":189,"url":"https:\/\/eglisolles.fr\/wp-content\/uploads\/2026\/03\/image-1.png","type":"image\/png"}],"twitter_card":"summary_large_image","twitter_misc":{"Dur\u00e9e de lecture estim\u00e9e":"2 minutes"},"schema":{"@context":"https:\/\/schema.org","@graph":[{"@type":"WebPage","@id":"https:\/\/eglisolles.fr\/index.php\/mde-vacances-avril-2026\/","url":"https:\/\/eglisolles.fr\/index.php\/mde-vacances-avril-2026\/","name":"MDE vacances Avril 2026 - Eglisolles","isPartOf":{"@id":"https:\/\/eglisolles.fr\/#website"},"primaryImageOfPage":{"@id":"https:\/\/eglisolles.fr\/index.php\/mde-vacances-avril-2026\/#primaryimage"},"image":{"@id":"https:\/\/eglisolles.fr\/index.php\/mde-vacances-avril-2026\/#primaryimage"},"thumbnailUrl":"https:\/\/eglisolles.fr\/wp-content\/uploads\/2026\/03\/image-1.png","datePublished":"2026-03-11T13:06:46+00:00","breadcrumb":{"@id":"https:\/\/eglisolles.fr\/index.php\/mde-vacances-avril-2026\/#breadcrumb"},"inLanguage":"fr-FR","potentialAction":[{"@type":"ReadAction","target":["https:\/\/eglisolles.fr\/index.php\/mde-vacances-avril-2026\/"]}]},{"@type":"ImageObject","inLanguage":"fr-FR","@id":"https:\/\/eglisolles.fr\/index.php\/mde-vacances-avril-2026\/#primaryimage","url":"https:\/\/eglisolles.fr\/wp-content\/uploads\/2026\/03\/image-1.png","contentUrl":"https:\/\/eglisolles.fr\/wp-content\/uploads\/2026\/03\/image-1.png","width":628,"height":189},{"@type":"BreadcrumbList","@id":"https:\/\/eglisolles.fr\/index.php\/mde-vacances-avril-2026\/#breadcrumb","itemListElement":[{"@type":"ListItem","position":1,"name":"Accueil","item":"https:\/\/eglisolles.fr\/"},{"@type":"ListItem","position":2,"name":"MDE vacances Avril 2026"}]},{"@type":"WebSite","@id":"https:\/\/eglisolles.fr\/#website","url":"https:\/\/eglisolles.fr\/","name":"Eglisolles","description":"Site de la Commune","publisher":{"@id":"https:\/\/eglisolles.fr\/#organization"},"potentialAction":[{"@type":"SearchAction","target":{"@type":"EntryPoint","urlTemplate":"https:\/\/eglisolles.fr\/?s={search_term_string}"},"query-input":{"@type":"PropertyValueSpecification","valueRequired":true,"valueName":"search_term_string"}}],"inLanguage":"fr-FR"},{"@type":"Organization","@id":"https:\/\/eglisolles.fr\/#organization","name":"Eglisolles","url":"https:\/\/eglisolles.fr\/","logo":{"@type":"ImageObject","inLanguage":"fr-FR","@id":"https:\/\/eglisolles.fr\/#\/schema\/logo\/image\/","url":"https:\/\/eglisolles.fr\/wp-content\/uploads\/2021\/07\/cropped-logo_eglisolles_mairie_transp_5.png","contentUrl":"https:\/\/eglisolles.fr\/wp-content\/uploads\/2021\/07\/cropped-logo_eglisolles_mairie_transp_5.png","width":428,"height":100,"caption":"Eglisolles"},"image":{"@id":"https:\/\/eglisolles.fr\/#\/schema\/logo\/image\/"},"sameAs":["https:\/\/www.facebook.com\/municipalite.deglisolles.1"]}]}},"_links":{"self":[{"href":"https:\/\/eglisolles.fr\/index.php\/wp-json\/wp\/v2\/pages\/3762","targetHints":{"allow":["GET"]}}],"collection":[{"href":"https:\/\/eglisolles.fr\/index.php\/wp-json\/wp\/v2\/pages"}],"about":[{"href":"https:\/\/eglisolles.fr\/index.php\/wp-json\/wp\/v2\/types\/page"}],"author":[{"embeddable":true,"href":"https:\/\/eglisolles.fr\/index.php\/wp-json\/wp\/v2\/users\/1"}],"replies":[{"embeddable":true,"href":"https:\/\/eglisolles.fr\/index.php\/wp-json\/wp\/v2\/comments?post=3762"}],"version-history":[{"count":1,"href":"https:\/\/eglisolles.fr\/index.php\/wp-json\/wp\/v2\/pages\/3762\/revisions"}],"predecessor-version":[{"id":3767,"href":"https:\/\/eglisolles.fr\/index.php\/wp-json\/wp\/v2\/pages\/3762\/revisions\/3767"}],"wp:featuredmedia":[{"embeddable":true,"href":"https:\/\/eglisolles.fr\/index.php\/wp-json\/wp\/v2\/media\/3763"}],"wp:attachment":[{"href":"https:\/\/eglisolles.fr\/index.php\/wp-json\/wp\/v2\/media?parent=3762"}],"curies":[{"name":"wp","href":"https:\/\/api.w.org\/{rel}","templated":true}]}}