{"id":1144,"date":"2021-05-24T18:47:04","date_gmt":"2021-05-24T16:47:04","guid":{"rendered":"https:\/\/wp-mairie.web-alain.com\/?page_id=1144"},"modified":"2025-07-19T10:27:49","modified_gmt":"2025-07-19T08:27:49","slug":"a-decouvrir-autour-deglisolles","status":"publish","type":"page","link":"https:\/\/eglisolles.fr\/index.php\/a-decouvrir-autour-deglisolles\/","title":{"rendered":"A d\u00e9couvrir autour d&rsquo;Eglisolles"},"content":{"rendered":"\n<p>Pour toute information voir le <a href=\"https:\/\/www.vacances-livradois-forez.com\/sejourner\/infos-pratiques\/les-bureaux-dinformation-et-offices-de-tourisme\/\" target=\"_blank\" rel=\"noreferrer noopener\">Site de l\u2019office de tourisme<\/a> Ambert Livradois Forez<\/p>\n\n\n\n<ul class=\"wp-block-list\">\n<li><strong>Le volcan du Montpeloux<\/strong>: voir le <a href=\"https:\/\/www.ambertlivradoisforez.fr\/un-territoire-a-votre-service\/culture-et-vie-associative\/festival-du-volcan-du-montpeloux\/\" target=\"_blank\" rel=\"noreferrer noopener\"><em>site internet<\/em><\/a><br>\u2013 c\u2019est un crat\u00e8re laiss\u00e9 par une ancienne carri\u00e8re, orgues basaltiques, lac du crat\u00e8re, panneaux \u00e9ducatifs, point de vue sur la vall\u00e9e.<br>\u2013 c\u2019est aussi une sc\u00e8ne install\u00e9e au dessus du lac du crat\u00e8re o\u00f9 \u00e0 lieu, les jeudi soir en \u00e9t\u00e9, le <em><strong>Festival de Montpeloux<\/strong><\/em>, th\u00e9\u00e2tre chants, musique, (solution de repli en cas de mauvais temps ). Pr\u00e9voir des v\u00eatements chauds. <a href=\"https:\/\/festival-volcan-montpeloux.blogspot.com\/\" target=\"_blank\" rel=\"noreferrer noopener\"><\/a><\/li>\n\n\n\n<li><strong>Viverols<\/strong>: son ch\u00e2teau et le village m\u00e9di\u00e9val <a href=\"http:\/\/www.viverols.fr\/\" target=\"_blank\" rel=\"noreferrer noopener\">site internet<\/a><\/li>\n\n\n\n<li><strong>La Chaulme:<\/strong> cascade du creux de l\u2019houlette<\/li>\n\n\n\n<li><strong>La Jasserie-mus\u00e9e du coq noir<\/strong>: mus\u00e9e, restauration, balades accompagn\u00e9es, spectacles en \u00e9t\u00e9 <em><a href=\"http:\/\/www.coq-noir.fr\/\" target=\"_blank\" rel=\"noreferrer noopener\">site internet<\/a><\/em><\/li>\n\n\n\n<li><strong>Les jardins pour la Terre<\/strong> \u00e0 Arlanc <a href=\"https:\/\/www.facebook.com\/jardinpourlaterre.arlanc\/\">Page facebook<\/a>, <a href=\"https:\/\/arlanc.fr\/jardin-pour-la-terre\/\" target=\"_blank\" rel=\"noreferrer noopener\">site internet<\/a><br>D\u00e9couvrir les plantes et fleurs de chaque continent. Visite guid\u00e9e.<\/li>\n\n\n\n<li><strong>La Chaise Dieu:<\/strong> Abbaye du XI i\u00e8me si\u00e8cle voir <a href=\"https:\/\/www.abbaye-chaise-dieu.com\/\" target=\"_blank\" rel=\"noreferrer noopener\">site internet<\/a> , fin Ao\u00fbt festival de musique sacr\u00e9e<\/li>\n\n\n\n<li><strong>Plans d\u2019eau<\/strong>, <strong>baignades<\/strong>:<br>St Anth\u00e8me<br>Usson-en-Forez<br>Arlanc<br>base nautique \u00e0 Ambert<\/li>\n\n\n\n<li><strong>Piscine:<\/strong><br>Ambert<em> <a href=\"http:\/\/www.ville-ambert.fr\/sports-culture\/sports\/piscine-parc-aquatique\/\" target=\"_blank\" rel=\"noreferrer noopener\">site internet<\/a><\/em><\/li>\n\n\n\n<li><strong>Station St Anth\u00e8me Prabour\u00e9<\/strong> : <a href=\"http:\/\/praboure.fr\/\" target=\"_blank\" rel=\"noreferrer noopener\"><em>site internet<\/em><\/a><br>\u2013 <strong>en \u00e9t\u00e9:<\/strong> nombreuses activit\u00e9s: devalkart, trottinettes, tyrolienne, via-ferrata, parcours pieds nus, filets dans les arbres, toboggan\u2026.<br>\u2013 <strong>en hiver:<\/strong> station de ski familiale<br>&#8211;  <strong>nouveaut\u00e9<\/strong>: espace salle hors sac, snack, self<\/li>\n\n\n\n<li><strong>St Anth\u00e8me Prabour\u00e9:<\/strong> le Chalet de sib\u00e9riens, hiver \/ \u00e9t\u00e9,  chiens de traineaux, cani-rando &#8230; <a href=\"https:\/\/www.chaletdessiberiens.com\/\">site internet<\/a><\/li>\n\n\n\n<li><strong><strong>Usson-en-Forez:<\/strong> Parc Usson Aventures, Acrobranche, espace de loisirs <\/strong><a href=\"https:\/\/www.parc-usson-aventures.fr\" target=\"_blank\" rel=\"noreferrer noopener\">site internet<\/a><\/li>\n\n\n\n<li><strong>Balade \u00e0 poneys<\/strong> \u00e0 Baffie <a href=\"https:\/\/lesponeysdebaffie400.sitew.fr\/\" target=\"_blank\" rel=\"noreferrer noopener\">site internet<\/a><\/li>\n\n\n\n<li><strong>Mus\u00e9es:<\/strong><br><strong>Viverols<\/strong>: Mus\u00e9e Terrasse<br><strong>Ambert<\/strong>: Mus\u00e9e de la machine agricole et \u00e0 vapeur <em><a href=\"https:\/\/www.mus-energie.fr\/\" target=\"_blank\" rel=\"noreferrer noopener\">site internet<\/a><\/em><br><strong>Richard de bas<\/strong>: Mus\u00e9e du papier <em><a href=\"https:\/\/www.richarddebas.fr\/\" target=\"_blank\" rel=\"noreferrer noopener\">site internet<\/a><\/em><br><strong>St Martin des Olmes:<\/strong> \u00c9cole 1900 <em><a href=\"https:\/\/www.ecole1900.fr\/\" target=\"_blank\" rel=\"noreferrer noopener\">site internet<\/a><\/em><br><strong>Arlanc<\/strong>: mus\u00e9e de la dentelle <a href=\"https:\/\/arlanc.fr\/musee-de-la-dentelle\/\" target=\"_blank\" rel=\"noreferrer noopener\">site internet<\/a><br><strong>Olliergues<\/strong>: mus\u00e9e des m\u00e9tiers et traditions <a href=\"https:\/\/museedupatrimoine.fr\/musee-des-metiers-et-traditions-d-olliergues-puy-de-dome\/33460.html\" target=\"_blank\" rel=\"noreferrer noopener\">site internet<\/a><br><strong>Usson-en-forez:<\/strong> \u00c9comus\u00e9e des monts du forez <em><a href=\"https:\/\/www.ecomusee-usson-en-forez.fr\/\" target=\"_blank\" rel=\"noreferrer noopener\">site internet<\/a><\/em><\/li>\n\n\n\n<li><strong>Exposition ludique d\u2019\u00e9pouvantails<\/strong> au village de Vauribert (Sauvessanges)<\/li>\n\n\n\n<li><strong>Le Moulin Vignal<\/strong> \u00e0 Apinac <a href=\"https:\/\/www.moulindevignal.fr\/\" target=\"_blank\" rel=\"noreferrer noopener\">site internet<\/a><\/li>\n\n\n\n<li><strong>Viverols<\/strong>: vol en montgolfi\u00e8re<a href=\"https:\/\/airshow.fr\/products\/vol-en-montgolfiere-en-auvergne-basse-saison\" target=\"_blank\" rel=\"noreferrer noopener\"> site internet<\/a><\/li>\n<\/ul>\n\n\n\n<p><\/p>\n\n\n\n<p><\/p>\n","protected":false},"excerpt":{"rendered":"<p>Pour toute information voir le Site de l\u2019office de tourisme Ambert Livradois Forez<\/p>\n","protected":false},"author":1,"featured_media":0,"parent":0,"menu_order":0,"comment_status":"closed","ping_status":"closed","template":"","meta":{"footnotes":""},"class_list":["post-1144","page","type-page","status-publish","hentry"],"yoast_head":"<!-- This site is optimized with the Yoast SEO plugin v27.4 - https:\/\/yoast.com\/product\/yoast-seo-wordpress\/ -->\n<title>A d\u00e9couvrir autour d&#039;Eglisolles - Eglisolles<\/title>\n<meta name=\"robots\" content=\"index, follow, max-snippet:-1, max-image-preview:large, max-video-preview:-1\" \/>\n<link rel=\"canonical\" href=\"https:\/\/eglisolles.fr\/index.php\/a-decouvrir-autour-deglisolles\/\" \/>\n<meta property=\"og:locale\" content=\"fr_FR\" \/>\n<meta property=\"og:type\" content=\"article\" \/>\n<meta property=\"og:title\" content=\"A d\u00e9couvrir autour d&#039;Eglisolles - Eglisolles\" \/>\n<meta property=\"og:description\" content=\"Pour toute information voir le Site de l\u2019office de tourisme Ambert Livradois Forez\" \/>\n<meta property=\"og:url\" content=\"https:\/\/eglisolles.fr\/index.php\/a-decouvrir-autour-deglisolles\/\" \/>\n<meta property=\"og:site_name\" content=\"Eglisolles\" \/>\n<meta property=\"article:publisher\" content=\"https:\/\/www.facebook.com\/municipalite.deglisolles.1\" \/>\n<meta property=\"article:modified_time\" content=\"2025-07-19T08:27:49+00:00\" \/>\n<meta name=\"twitter:card\" content=\"summary_large_image\" \/>\n<meta name=\"twitter:label1\" content=\"Dur\u00e9e de lecture estim\u00e9e\" \/>\n\t<meta name=\"twitter:data1\" content=\"2 minutes\" \/>\n<script type=\"application\/ld+json\" class=\"yoast-schema-graph\">{\"@context\":\"https:\\\/\\\/schema.org\",\"@graph\":[{\"@type\":\"WebPage\",\"@id\":\"https:\\\/\\\/eglisolles.fr\\\/index.php\\\/a-decouvrir-autour-deglisolles\\\/\",\"url\":\"https:\\\/\\\/eglisolles.fr\\\/index.php\\\/a-decouvrir-autour-deglisolles\\\/\",\"name\":\"A d\u00e9couvrir autour d'Eglisolles - Eglisolles\",\"isPartOf\":{\"@id\":\"https:\\\/\\\/eglisolles.fr\\\/#website\"},\"datePublished\":\"2021-05-24T16:47:04+00:00\",\"dateModified\":\"2025-07-19T08:27:49+00:00\",\"breadcrumb\":{\"@id\":\"https:\\\/\\\/eglisolles.fr\\\/index.php\\\/a-decouvrir-autour-deglisolles\\\/#breadcrumb\"},\"inLanguage\":\"fr-FR\",\"potentialAction\":[{\"@type\":\"ReadAction\",\"target\":[\"https:\\\/\\\/eglisolles.fr\\\/index.php\\\/a-decouvrir-autour-deglisolles\\\/\"]}]},{\"@type\":\"BreadcrumbList\",\"@id\":\"https:\\\/\\\/eglisolles.fr\\\/index.php\\\/a-decouvrir-autour-deglisolles\\\/#breadcrumb\",\"itemListElement\":[{\"@type\":\"ListItem\",\"position\":1,\"name\":\"Accueil\",\"item\":\"https:\\\/\\\/eglisolles.fr\\\/\"},{\"@type\":\"ListItem\",\"position\":2,\"name\":\"A d\u00e9couvrir autour d&rsquo;Eglisolles\"}]},{\"@type\":\"WebSite\",\"@id\":\"https:\\\/\\\/eglisolles.fr\\\/#website\",\"url\":\"https:\\\/\\\/eglisolles.fr\\\/\",\"name\":\"Eglisolles\",\"description\":\"Site de la Commune\",\"publisher\":{\"@id\":\"https:\\\/\\\/eglisolles.fr\\\/#organization\"},\"potentialAction\":[{\"@type\":\"SearchAction\",\"target\":{\"@type\":\"EntryPoint\",\"urlTemplate\":\"https:\\\/\\\/eglisolles.fr\\\/?s={search_term_string}\"},\"query-input\":{\"@type\":\"PropertyValueSpecification\",\"valueRequired\":true,\"valueName\":\"search_term_string\"}}],\"inLanguage\":\"fr-FR\"},{\"@type\":\"Organization\",\"@id\":\"https:\\\/\\\/eglisolles.fr\\\/#organization\",\"name\":\"Eglisolles\",\"url\":\"https:\\\/\\\/eglisolles.fr\\\/\",\"logo\":{\"@type\":\"ImageObject\",\"inLanguage\":\"fr-FR\",\"@id\":\"https:\\\/\\\/eglisolles.fr\\\/#\\\/schema\\\/logo\\\/image\\\/\",\"url\":\"https:\\\/\\\/eglisolles.fr\\\/wp-content\\\/uploads\\\/2021\\\/07\\\/cropped-logo_eglisolles_mairie_transp_5.png\",\"contentUrl\":\"https:\\\/\\\/eglisolles.fr\\\/wp-content\\\/uploads\\\/2021\\\/07\\\/cropped-logo_eglisolles_mairie_transp_5.png\",\"width\":428,\"height\":100,\"caption\":\"Eglisolles\"},\"image\":{\"@id\":\"https:\\\/\\\/eglisolles.fr\\\/#\\\/schema\\\/logo\\\/image\\\/\"},\"sameAs\":[\"https:\\\/\\\/www.facebook.com\\\/municipalite.deglisolles.1\"]}]}<\/script>\n<!-- \/ Yoast SEO plugin. -->","yoast_head_json":{"title":"A d\u00e9couvrir autour d'Eglisolles - Eglisolles","robots":{"index":"index","follow":"follow","max-snippet":"max-snippet:-1","max-image-preview":"max-image-preview:large","max-video-preview":"max-video-preview:-1"},"canonical":"https:\/\/eglisolles.fr\/index.php\/a-decouvrir-autour-deglisolles\/","og_locale":"fr_FR","og_type":"article","og_title":"A d\u00e9couvrir autour d'Eglisolles - Eglisolles","og_description":"Pour toute information voir le Site de l\u2019office de tourisme Ambert Livradois Forez","og_url":"https:\/\/eglisolles.fr\/index.php\/a-decouvrir-autour-deglisolles\/","og_site_name":"Eglisolles","article_publisher":"https:\/\/www.facebook.com\/municipalite.deglisolles.1","article_modified_time":"2025-07-19T08:27:49+00:00","twitter_card":"summary_large_image","twitter_misc":{"Dur\u00e9e de lecture estim\u00e9e":"2 minutes"},"schema":{"@context":"https:\/\/schema.org","@graph":[{"@type":"WebPage","@id":"https:\/\/eglisolles.fr\/index.php\/a-decouvrir-autour-deglisolles\/","url":"https:\/\/eglisolles.fr\/index.php\/a-decouvrir-autour-deglisolles\/","name":"A d\u00e9couvrir autour d'Eglisolles - Eglisolles","isPartOf":{"@id":"https:\/\/eglisolles.fr\/#website"},"datePublished":"2021-05-24T16:47:04+00:00","dateModified":"2025-07-19T08:27:49+00:00","breadcrumb":{"@id":"https:\/\/eglisolles.fr\/index.php\/a-decouvrir-autour-deglisolles\/#breadcrumb"},"inLanguage":"fr-FR","potentialAction":[{"@type":"ReadAction","target":["https:\/\/eglisolles.fr\/index.php\/a-decouvrir-autour-deglisolles\/"]}]},{"@type":"BreadcrumbList","@id":"https:\/\/eglisolles.fr\/index.php\/a-decouvrir-autour-deglisolles\/#breadcrumb","itemListElement":[{"@type":"ListItem","position":1,"name":"Accueil","item":"https:\/\/eglisolles.fr\/"},{"@type":"ListItem","position":2,"name":"A d\u00e9couvrir autour d&rsquo;Eglisolles"}]},{"@type":"WebSite","@id":"https:\/\/eglisolles.fr\/#website","url":"https:\/\/eglisolles.fr\/","name":"Eglisolles","description":"Site de la Commune","publisher":{"@id":"https:\/\/eglisolles.fr\/#organization"},"potentialAction":[{"@type":"SearchAction","target":{"@type":"EntryPoint","urlTemplate":"https:\/\/eglisolles.fr\/?s={search_term_string}"},"query-input":{"@type":"PropertyValueSpecification","valueRequired":true,"valueName":"search_term_string"}}],"inLanguage":"fr-FR"},{"@type":"Organization","@id":"https:\/\/eglisolles.fr\/#organization","name":"Eglisolles","url":"https:\/\/eglisolles.fr\/","logo":{"@type":"ImageObject","inLanguage":"fr-FR","@id":"https:\/\/eglisolles.fr\/#\/schema\/logo\/image\/","url":"https:\/\/eglisolles.fr\/wp-content\/uploads\/2021\/07\/cropped-logo_eglisolles_mairie_transp_5.png","contentUrl":"https:\/\/eglisolles.fr\/wp-content\/uploads\/2021\/07\/cropped-logo_eglisolles_mairie_transp_5.png","width":428,"height":100,"caption":"Eglisolles"},"image":{"@id":"https:\/\/eglisolles.fr\/#\/schema\/logo\/image\/"},"sameAs":["https:\/\/www.facebook.com\/municipalite.deglisolles.1"]}]}},"_links":{"self":[{"href":"https:\/\/eglisolles.fr\/index.php\/wp-json\/wp\/v2\/pages\/1144","targetHints":{"allow":["GET"]}}],"collection":[{"href":"https:\/\/eglisolles.fr\/index.php\/wp-json\/wp\/v2\/pages"}],"about":[{"href":"https:\/\/eglisolles.fr\/index.php\/wp-json\/wp\/v2\/types\/page"}],"author":[{"embeddable":true,"href":"https:\/\/eglisolles.fr\/index.php\/wp-json\/wp\/v2\/users\/1"}],"replies":[{"embeddable":true,"href":"https:\/\/eglisolles.fr\/index.php\/wp-json\/wp\/v2\/comments?post=1144"}],"version-history":[{"count":12,"href":"https:\/\/eglisolles.fr\/index.php\/wp-json\/wp\/v2\/pages\/1144\/revisions"}],"predecessor-version":[{"id":3505,"href":"https:\/\/eglisolles.fr\/index.php\/wp-json\/wp\/v2\/pages\/1144\/revisions\/3505"}],"wp:attachment":[{"href":"https:\/\/eglisolles.fr\/index.php\/wp-json\/wp\/v2\/media?parent=1144"}],"curies":[{"name":"wp","href":"https:\/\/api.w.org\/{rel}","templated":true}]}}