{"version":"1.0","provider_name":"Eglisolles","provider_url":"https:\/\/eglisolles.fr","author_name":"Webmestre","author_url":"https:\/\/eglisolles.fr\/index.php\/author\/christineadmmairie\/","title":"Mesures de restriction de l'usage de l'eau - Eglisolles","type":"rich","width":600,"height":338,"html":"<blockquote class=\"wp-embedded-content\" data-secret=\"sR1vi3FbTW\"><a href=\"https:\/\/eglisolles.fr\/index.php\/2025\/08\/06\/mesures-de-restriction-de-lusage-de-leau\/\">Mesures de restriction de l&rsquo;usage de l&rsquo;eau<\/a><\/blockquote><iframe sandbox=\"allow-scripts\" security=\"restricted\" src=\"https:\/\/eglisolles.fr\/index.php\/2025\/08\/06\/mesures-de-restriction-de-lusage-de-leau\/embed\/#?secret=sR1vi3FbTW\" width=\"600\" height=\"338\" title=\"\u00ab\u00a0Mesures de restriction de l&rsquo;usage de l&rsquo;eau\u00a0\u00bb &#8212; Eglisolles\" data-secret=\"sR1vi3FbTW\" frameborder=\"0\" marginwidth=\"0\" marginheight=\"0\" scrolling=\"no\" class=\"wp-embedded-content\"><\/iframe><script type=\"text\/javascript\">\n\/* <![CDATA[ *\/\n\/*! This file is auto-generated *\/\n!function(d,l){\"use strict\";l.querySelector&&d.addEventListener&&\"undefined\"!=typeof URL&&(d.wp=d.wp||{},d.wp.receiveEmbedMessage||(d.wp.receiveEmbedMessage=function(e){var t=e.data;if((t||t.secret||t.message||t.value)&&!\/[^a-zA-Z0-9]\/.test(t.secret)){for(var s,r,n,a=l.querySelectorAll('iframe[data-secret=\"'+t.secret+'\"]'),o=l.querySelectorAll('blockquote[data-secret=\"'+t.secret+'\"]'),c=new RegExp(\"^https?:$\",\"i\"),i=0;i<o.length;i++)o[i].style.display=\"none\";for(i=0;i<a.length;i++)s=a[i],e.source===s.contentWindow&&(s.removeAttribute(\"style\"),\"height\"===t.message?(1e3<(r=parseInt(t.value,10))?r=1e3:~~r<200&&(r=200),s.height=r):\"link\"===t.message&&(r=new URL(s.getAttribute(\"src\")),n=new URL(t.value),c.test(n.protocol))&&n.host===r.host&&l.activeElement===s&&(d.top.location.href=t.value))}},d.addEventListener(\"message\",d.wp.receiveEmbedMessage,!1),l.addEventListener(\"DOMContentLoaded\",function(){for(var e,t,s=l.querySelectorAll(\"iframe.wp-embedded-content\"),r=0;r<s.length;r++)(t=(e=s[r]).getAttribute(\"data-secret\"))||(t=Math.random().toString(36).substring(2,12),e.src+=\"#?secret=\"+t,e.setAttribute(\"data-secret\",t)),e.contentWindow.postMessage({message:\"ready\",secret:t},\"*\")},!1)))}(window,document);\n\/\/# sourceURL=https:\/\/eglisolles.fr\/wp-includes\/js\/wp-embed.min.js\n\/* ]]> *\/\n<\/script>\n","thumbnail_url":"https:\/\/eglisolles.fr\/wp-content\/uploads\/2025\/08\/mesures_restrictions_eau_intro.jpg","thumbnail_width":350,"thumbnail_height":118,"description":"Arr\u00eat\u00e9 pr\u00e9fectoral \u00e0 compter du 6 Ao\u00fbt 2025 Apr\u00e8s l\u2019\u00e9pisode pluvieux des 24 et 25 juillet qui a permis une remont\u00e9e ponctuelle des d\u00e9bits, les conditions m\u00e9t\u00e9orologiques ont \u00e9volu\u00e9 en une p\u00e9riode s\u00e8che coupl\u00e9e \u00e0 une augmentation progressive des temp\u00e9ratures. De plus, une vague de chaleur est annonc\u00e9e sur la [&hellip;]"}

Arrêté préfectoral à compter du 6 Août 2025 Après l’épisode pluvieux des 24 et 25 juillet qui a permis une remontée ponctuelle des débits, les conditions météorologiques ont évolué en une période sèche couplée à une augmentation progressive des températures. De plus, une vague de chaleur est annoncée sur la [&hellip;]
